{"id":100751,"date":"2021-08-22T14:14:32","date_gmt":"2021-08-22T14:14:32","guid":{"rendered":"https:\/\/neu.sidispinnt.ch\/?page_id=100751"},"modified":"2022-10-21T15:11:45","modified_gmt":"2022-10-21T13:11:45","slug":"ueber-uns","status":"publish","type":"page","link":"https:\/\/sidispinnt.ch\/?page_id=100751","title":{"rendered":"\u00dcber Uns"},"content":{"rendered":"<div class=\"wpb-content-wrapper\"><section class=\"vc_row wpb_row vc_row-fluid  vc_custom_1666357915940\"><div class=\"wpb_column vc_column_container col-xs-mobile-fullwidth vc_col-sm-12\"><div class=\"vc_column-inner\"><div class=\"wpb_wrapper\"><div class=\"special-content-block-1 block-style-1-1\"><div class=\"block-img\"><img loading=\"lazy\" decoding=\"async\" width=\"2000\" height=\"1333\" src=\"https:\/\/sidispinnt.ch\/wp-content\/uploads\/2022\/09\/About.jpg\" class=\"\" alt=\"\" title=\"\" srcset=\"https:\/\/sidispinnt.ch\/wp-content\/uploads\/2022\/09\/About.jpg 2000w, https:\/\/sidispinnt.ch\/wp-content\/uploads\/2022\/09\/About-300x200.jpg 300w, https:\/\/sidispinnt.ch\/wp-content\/uploads\/2022\/09\/About-1024x682.jpg 1024w, https:\/\/sidispinnt.ch\/wp-content\/uploads\/2022\/09\/About-768x512.jpg 768w, https:\/\/sidispinnt.ch\/wp-content\/uploads\/2022\/09\/About-1536x1024.jpg 1536w, https:\/\/sidispinnt.ch\/wp-content\/uploads\/2022\/09\/About-84x56.jpg 84w, https:\/\/sidispinnt.ch\/wp-content\/uploads\/2022\/09\/About-200x133.jpg 200w, https:\/\/sidispinnt.ch\/wp-content\/uploads\/2022\/09\/About-450x300.jpg 450w, https:\/\/sidispinnt.ch\/wp-content\/uploads\/2022\/09\/About-1185x790.jpg 1185w, https:\/\/sidispinnt.ch\/wp-content\/uploads\/2022\/09\/About-800x533.jpg 800w, https:\/\/sidispinnt.ch\/wp-content\/uploads\/2022\/09\/About-1000x667.jpg 1000w\" sizes=\"auto, (max-width: 2000px) 100vw, 2000px\" \/><\/div><div class=\"block-content\"><div class=\"hongo-content hongo_font_1664537361861\"><p>Sidispinnt ist ein kleines Label rund um Stricken, Spinnen, Garne und Fasern. Gegr\u00fcndet wurde das Atelier im 2013 von Asita &#8220;Sidi&#8221; Krebs gleich nach ihrem Abschluss des Diploms &#8220;Handspinnen und Garndesign&#8221;. Da das Atelier eine Liebhaberei ist und wir nebenbei auch eine Festanstellung haben, ist es haupts\u00e4chlich ein Online-Shop und wenn m\u00f6glich einmal die Woche ge\u00f6ffnet.<\/p>\n<p>Neben der Eigenmarke &#8220;Sidispinnt&#8221; welche Handgef\u00e4rbte Garne, Fasern und Strickanleitungen beinhaltet, f\u00fchren wir ebenso Produkte von kleinen und unabh\u00e4ngigen Labels.<\/p>\n<p>Wir legen grossen Wert auf Qualit\u00e4t der Produkte und faire Behandlung der Tieren von denen die Fasern stammen oder Menschen die in der Verarbeitungskette der Fasern arbeiten.<\/p>\n<\/div><\/div><\/div><\/div><\/div><\/div><\/section>\n<\/div>","protected":false},"excerpt":{"rendered":"Sidispinnt ist ein kleines Label rund um Stricken, Spinnen, Garne und Fasern. Gegr\u00fcndet wurde das Atelier im 2013 von Asita \"Sidi\" Krebs gleich nach ihrem Abschluss des Diploms \"Handspinnen und Garndesign\". Da das Atelier eine Liebhaberei ist und wir nebenbei auch eine Festanstellung haben, ist es haupts\u00e4chlich ein Online-Shop und wenn m\u00f6glich einmal die Woche ge\u00f6ffnet. Neben der Eigenmarke \"Sidispinnt\" welche Handgef\u00e4rbte Garne, Fasern und Strickanleitungen beinhaltet, f\u00fchren wir ebenso Produkte von kleinen und unabh\u00e4ngigen Labels. Wir legen grossen Wert auf Qualit\u00e4t der Produkte und faire Behandlung der Tieren von denen die Fasern stammen oder Menschen die in der Verarbeitungskette der Fasern arbeiten.","protected":false},"author":1,"featured_media":0,"parent":0,"menu_order":0,"comment_status":"closed","ping_status":"closed","template":"","meta":{"footnotes":""},"class_list":["post-100751","page","type-page","status-publish","hentry"],"_links":{"self":[{"href":"https:\/\/sidispinnt.ch\/index.php?rest_route=\/wp\/v2\/pages\/100751","targetHints":{"allow":["GET"]}}],"collection":[{"href":"https:\/\/sidispinnt.ch\/index.php?rest_route=\/wp\/v2\/pages"}],"about":[{"href":"https:\/\/sidispinnt.ch\/index.php?rest_route=\/wp\/v2\/types\/page"}],"author":[{"embeddable":true,"href":"https:\/\/sidispinnt.ch\/index.php?rest_route=\/wp\/v2\/users\/1"}],"replies":[{"embeddable":true,"href":"https:\/\/sidispinnt.ch\/index.php?rest_route=%2Fwp%2Fv2%2Fcomments&post=100751"}],"version-history":[{"count":11,"href":"https:\/\/sidispinnt.ch\/index.php?rest_route=\/wp\/v2\/pages\/100751\/revisions"}],"predecessor-version":[{"id":106020,"href":"https:\/\/sidispinnt.ch\/index.php?rest_route=\/wp\/v2\/pages\/100751\/revisions\/106020"}],"wp:attachment":[{"href":"https:\/\/sidispinnt.ch\/index.php?rest_route=%2Fwp%2Fv2%2Fmedia&parent=100751"}],"curies":[{"name":"wp","href":"https:\/\/api.w.org\/{rel}","templated":true}]}}