{"id":9599,"date":"2018-01-05T04:40:20","date_gmt":"2018-01-05T04:40:20","guid":{"rendered":"https:\/\/hongo.themezaa.com\/?page_id=9599"},"modified":"2026-03-12T21:21:35","modified_gmt":"2026-03-12T20:21:35","slug":"text-box","status":"publish","type":"page","link":"https:\/\/sidispinnt.ch\/?page_id=9599","title":{"rendered":"Atelier"},"content":{"rendered":"<div class=\"wpb-content-wrapper\"><section class=\"vc_row wpb_row vc_row-fluid  vc_custom_1667595006890\"><div class=\"wpb_column vc_column_container col-xs-mobile-fullwidth vc_col-sm-12\"><div class=\"vc_column-inner\"><div class=\"wpb_wrapper\"><div class=\"special-content-block-1 block-style-1-1\"><div class=\"block-img\"><img loading=\"lazy\" decoding=\"async\" width=\"2560\" height=\"1711\" src=\"https:\/\/sidispinnt.ch\/wp-content\/uploads\/2022\/09\/AtelierWand-scaled.jpg\" class=\"\" alt=\"\" title=\"\" srcset=\"https:\/\/sidispinnt.ch\/wp-content\/uploads\/2022\/09\/AtelierWand-scaled.jpg 2560w, https:\/\/sidispinnt.ch\/wp-content\/uploads\/2022\/09\/AtelierWand-300x201.jpg 300w, https:\/\/sidispinnt.ch\/wp-content\/uploads\/2022\/09\/AtelierWand-1024x685.jpg 1024w, https:\/\/sidispinnt.ch\/wp-content\/uploads\/2022\/09\/AtelierWand-768x513.jpg 768w, https:\/\/sidispinnt.ch\/wp-content\/uploads\/2022\/09\/AtelierWand-1536x1027.jpg 1536w, https:\/\/sidispinnt.ch\/wp-content\/uploads\/2022\/09\/AtelierWand-2048x1369.jpg 2048w, https:\/\/sidispinnt.ch\/wp-content\/uploads\/2022\/09\/AtelierWand-84x56.jpg 84w, https:\/\/sidispinnt.ch\/wp-content\/uploads\/2022\/09\/AtelierWand-200x134.jpg 200w, https:\/\/sidispinnt.ch\/wp-content\/uploads\/2022\/09\/AtelierWand-450x301.jpg 450w, https:\/\/sidispinnt.ch\/wp-content\/uploads\/2022\/09\/AtelierWand-1182x790.jpg 1182w, https:\/\/sidispinnt.ch\/wp-content\/uploads\/2022\/09\/AtelierWand-800x535.jpg 800w, https:\/\/sidispinnt.ch\/wp-content\/uploads\/2022\/09\/AtelierWand-1000x668.jpg 1000w\" sizes=\"auto, (max-width: 2560px) 100vw, 2560px\" \/><\/div><div class=\"block-content\"><div class=\"hongo-content hongo_font_1773346886576\"><p><strong>\u00d6ffnungszeiten<br \/>\n<\/strong>Jeden Dienstag von 9.00 bis 11.00 Uhr.<br \/>\nOnline-Bestellungen werden mehrmals die Woche versendet.<\/p>\n<p><strong>Weihnachtsferien<\/strong><em><br \/>\n<\/em>Das Atelier ist vom 17.03.2026 bis am 05.04.2026 geschlossen. Der Onlineshop ist geschlossen vom 23.03.2026 bis am 05.04.2026<\/p>\n<p><strong>Adresse<\/strong><br \/>\nKirchstrasse 8i<br \/>\n3097 Liebefeld<\/p>\n<p>Ihr findet uns im Obergeschoss des\u00a0 Steinh\u00f6lzlim\u00e4rit im Liebefeld \/ Bern<\/p>\n<\/div><\/div><\/div><\/div><\/div><\/div><\/section><section data-vc-full-width=\"true\" data-vc-full-width-init=\"false\" data-vc-stretch-content=\"true\" class=\"vc_row wpb_row vc_row-fluid  vc_custom_1629705026616   hongo-stretch-content vc_row-no-padding hongo-stretch-content-fluid vc_row-o-equal-height vc_row-flex\"><div class=\"wpb_column vc_column_container col-xs-mobile-fullwidth vc_col-sm-12 vc_col-md-6 wow fadeInLeft\" data-wow-duration= 1200ms><div class=\"vc_column-inner no-column-padding\"><div class=\"wpb_wrapper\"><div id=\"hongo-gmap-1\" class=\"google-map hongo-gmap-1 hongo-gmap-style-1\"><iframe loading=\"lazy\" src=\"https:\/\/www.google.com\/maps\/embed?pb=!1m18!1m12!1m3!1d2724.607045441575!2d7.425712551374178!3d46.93010704235354!2m3!1f0!2f0!3f0!3m2!1i1024!2i768!4f13.1!3m3!1m2!1s0x478e384dd00ecfc9%3A0xd75781ca738bb16c!2sSidispinnt!5e0!3m2!1sde!2sch!4v1609415062266!5m2!1sde!2sch\" width=\"600\" height=\"450\" frameborder=\"0\" style=\"border:0;\" allowfullscreen=\"\" aria-hidden=\"false\" tabindex=\"0\"><\/iframe><\/div><\/div><\/div><\/div><div class=\"wpb_column vc_column_container vc_col-has-fill col-xs-mobile-fullwidth vc_col-sm-12 vc_col-md-6 wow fadeInRight\" data-wow-delay= 200ms data-wow-duration= 1200ms><div class=\"vc_column-inner vc_custom_1629705861739 no-column-padding\"><div class=\"wpb_wrapper\"><div class=\"alt-font heading-style-6 vc_custom_1629705818052 heading-1 hongo-section-heading hongo_font_1629705818050\"><span>ANFAHRT<\/span><\/div><blockquote class=\"blockquote-style-1 hongo-blockquote-1-1\"><div class=\"blockquote-content hongo_font_1663614338668 alt-font\"><p><strong>Mit \u00d6ffentlichen Verkehrsmittel<br \/>\n<\/strong>Vom Hauptbahnhof mit der Linie 19 Richtung Blinzern bis zur Haltestelle Steinh\u00f6lzli fahren. In Fahrtrichtung weiterlaufen bis nach dem Kreisel, danach die Strassenseite wechseln. Ca. 200m geradeaus in den Haupteingang des Steinh\u00f6lzlim\u00e4rit.<br \/>\nMit dem Lift oder Treppe ins Obergeschoss danach links. Es ist zudem auch noch \u00fcberall beschildert.<\/p>\n<p><strong>Mit Auto<br \/>\n<\/strong>Autobahnausfahrt 12 Bern-B\u00fcmpliz<br \/>\nEs hat ein Parkhaus im Steinh\u00f6lzlim\u00e4rit f\u00fcr das Coop Einkaufszentrum und auch rundum im Quartier kann in der blauen Zone geparkt werden.<\/p>\n<\/div><\/blockquote><\/div><\/div><\/div><\/section><div class=\"vc_row-full-width vc_clearfix\"><\/div>\n<\/div>","protected":false},"excerpt":{"rendered":"\u00d6ffnungszeiten Jeden Dienstag von 9.00 bis 11.00 Uhr. Online-Bestellungen werden mehrmals die Woche versendet. Weihnachtsferien Das Atelier ist vom 17.03.2026 bis am 05.04.2026 geschlossen. Der Onlineshop ist geschlossen vom 23.03.2026 bis am 05.04.2026 Adresse Kirchstrasse 8i 3097 Liebefeld Ihr findet uns im Obergeschoss des\u00a0 Steinh\u00f6lzlim\u00e4rit im Liebefeld \/ Bern ANFAHRTMit \u00d6ffentlichen Verkehrsmittel Vom Hauptbahnhof mit der Linie 19 Richtung Blinzern bis zur Haltestelle Steinh\u00f6lzli fahren. In Fahrtrichtung weiterlaufen bis nach dem Kreisel, danach die Strassenseite wechseln. Ca. 200m geradeaus in den Haupteingang des Steinh\u00f6lzlim\u00e4rit. Mit dem Lift oder Treppe ins Obergeschoss danach links. Es ist zudem auch noch \u00fcberall beschildert. Mit Auto Autobahnausfahrt 12 Bern-B\u00fcmpliz Es hat ein Parkhaus im Steinh\u00f6lzlim\u00e4rit f\u00fcr das Coop Einkaufszentrum und auch rundum im Quartier kann in der blauen Zone geparkt werden.","protected":false},"author":1,"featured_media":0,"parent":0,"menu_order":0,"comment_status":"closed","ping_status":"closed","template":"","meta":{"footnotes":""},"class_list":["post-9599","page","type-page","status-publish","hentry"],"_links":{"self":[{"href":"https:\/\/sidispinnt.ch\/index.php?rest_route=\/wp\/v2\/pages\/9599","targetHints":{"allow":["GET"]}}],"collection":[{"href":"https:\/\/sidispinnt.ch\/index.php?rest_route=\/wp\/v2\/pages"}],"about":[{"href":"https:\/\/sidispinnt.ch\/index.php?rest_route=\/wp\/v2\/types\/page"}],"author":[{"embeddable":true,"href":"https:\/\/sidispinnt.ch\/index.php?rest_route=\/wp\/v2\/users\/1"}],"replies":[{"embeddable":true,"href":"https:\/\/sidispinnt.ch\/index.php?rest_route=%2Fwp%2Fv2%2Fcomments&post=9599"}],"version-history":[{"count":53,"href":"https:\/\/sidispinnt.ch\/index.php?rest_route=\/wp\/v2\/pages\/9599\/revisions"}],"predecessor-version":[{"id":112005,"href":"https:\/\/sidispinnt.ch\/index.php?rest_route=\/wp\/v2\/pages\/9599\/revisions\/112005"}],"wp:attachment":[{"href":"https:\/\/sidispinnt.ch\/index.php?rest_route=%2Fwp%2Fv2%2Fmedia&parent=9599"}],"curies":[{"name":"wp","href":"https:\/\/api.w.org\/{rel}","templated":true}]}}