{"id":105252,"date":"2022-09-30T16:34:49","date_gmt":"2022-09-30T14:34:49","guid":{"rendered":"https:\/\/neu.sidispinnt.ch\/?post_type=product&#038;p=105252"},"modified":"2026-04-18T12:25:27","modified_gmt":"2026-04-18T10:25:27","slug":"harvest-hue","status":"publish","type":"product","link":"https:\/\/sidispinnt.ch\/?product=harvest-hue","title":{"rendered":"Harvest Hue"},"content":{"rendered":"","protected":false},"excerpt":{"rendered":"<p>Zusammensetzung der Farben Bracken, Flax, Barley und New Leaf: 65% Falkland Merino Bio, 35% Devon Zwartbles<br \/>\nNeue Zusammensetzung der Farben Woad, Blue Spruce, Juniper, Rosebay und Peat: 33% Bluefaced Leicester, 33% Falkland Merino Bio, 33% Devon Zwartbles<br \/>\nSpinnvorbereitung: Kammzug<br \/>\nGewicht: 100g \/ 3,5 oz<\/p>\n<p>Harvest Hues Kammz\u00fcge von John Arbon sind eine Mischung aus lokalem Zwartbles aus Devon und Falkland-Merino aus biologischer Haltung. Das Zwartbles-Schaf ist von Natur aus dunkelbraun und verwandelt sich, wenn es mit den vorgef\u00e4rbten Merino-Farben gemischt wird, in tiefe, gesprenkelte T\u00f6ne, die an das Exmoor erinnern. Neu mischt John Arbon der Mischung noch Bluefaced Leicester bei. Bei der Herstellung dieser Kammz\u00fcge k\u00e4mmt John Arbon die Fasern in eine Richtung, wodurch die Weichheit, der Glanz und die St\u00e4rke einer Mischung betont werden. Der elegante Merino und der federnde Zwartbles erg\u00e4nzen sich perfekt und verleihen den Kammz\u00fcgen und dem Garn einen zarten wolligen Glanz und eine volle Textur.<\/p>\n","protected":false},"featured_media":109135,"comment_status":"open","ping_status":"closed","template":"","meta":[],"product_cat":[858,864],"product_tag":[2146,1707,1699,1703,1673],"class_list":{"0":"post-105252","1":"product","2":"type-product","3":"status-publish","4":"has-post-thumbnail","6":"product_brand-john_arbon","7":"product_cat-fasern","8":"product_cat-kammzuege-farbig","9":"product_tag-blue-faced-leicester","10":"product_tag-devon-zwartbles","11":"product_tag-fasern","12":"product_tag-kammzug","13":"product_tag-merino","15":"first","16":"instock","17":"shipping-taxable","18":"purchasable","19":"product-type-variable","20":"has-default-attributes"},"_links":{"self":[{"href":"https:\/\/sidispinnt.ch\/index.php?rest_route=\/wp\/v2\/product\/105252","targetHints":{"allow":["GET"]}}],"collection":[{"href":"https:\/\/sidispinnt.ch\/index.php?rest_route=\/wp\/v2\/product"}],"about":[{"href":"https:\/\/sidispinnt.ch\/index.php?rest_route=\/wp\/v2\/types\/product"}],"replies":[{"embeddable":true,"href":"https:\/\/sidispinnt.ch\/index.php?rest_route=%2Fwp%2Fv2%2Fcomments&post=105252"}],"wp:featuredmedia":[{"embeddable":true,"href":"https:\/\/sidispinnt.ch\/index.php?rest_route=\/wp\/v2\/media\/109135"}],"wp:attachment":[{"href":"https:\/\/sidispinnt.ch\/index.php?rest_route=%2Fwp%2Fv2%2Fmedia&parent=105252"}],"wp:term":[{"taxonomy":"product_cat","embeddable":true,"href":"https:\/\/sidispinnt.ch\/index.php?rest_route=%2Fwp%2Fv2%2Fproduct_cat&post=105252"},{"taxonomy":"product_tag","embeddable":true,"href":"https:\/\/sidispinnt.ch\/index.php?rest_route=%2Fwp%2Fv2%2Fproduct_tag&post=105252"}],"curies":[{"name":"wp","href":"https:\/\/api.w.org\/{rel}","templated":true}]}}