{"id":105908,"date":"2022-10-16T21:35:41","date_gmt":"2022-10-16T19:35:41","guid":{"rendered":"https:\/\/sidispinnt.ch\/?post_type=product&#038;p=105908"},"modified":"2026-03-31T12:06:53","modified_gmt":"2026-03-31T10:06:53","slug":"strickplaner","status":"publish","type":"product","link":"https:\/\/sidispinnt.ch\/?product=strickplaner","title":{"rendered":"Strickplaner"},"content":{"rendered":"<div class=\"rte\">\n<p><strong>Strickplaner des Label Strickmich von Martina Behm<\/strong><\/p>\n<p><strong>Was mo\u0308chtest du stricken?<\/strong><\/p>\n<div class=\"column\">\n<p>Mit dieser Frage fa\u0308ngt es an: Pullover, Socke oder Mu\u0308tze? Poncho oder Teddyba\u0308r? Manchmal erza\u0308hlt einem das Kna\u0308uel Garn, das schon so lange im Vorrat liegt, ganz von selbst, was aus ihm werden soll. Und manchmal ist es schwer, eine Entscheidung zu treffen: Alpaka oder Merino? Farbverlauf oder semisolid? Weiter geht es mit Nadelsta\u0308rke und der Gro\u0308sse, in der das gewa\u0308hlte Projekt gestrickt werden soll. Und dann entscheiden wir uns vielleicht, ein paar Zunahmen mehr zu arbeiten, ein Lochmuster einzufu\u0308gen und die A\u0308rmelbu\u0308ndchen anders zu stricken.\u00a0<strong>Damit du bei all diesen Entscheidungen den U\u0308berblick beha\u0308ltst und alle Infos u\u0308ber deine Strickprojekte immer parat hast,<\/strong> hat Strickmich dieses handliche Bu\u0308chlein fu\u0308r dich entwickelt: den Strickplaner!<\/p>\n<p><strong>Der Strickplaner hilft dir,<\/strong> die richtigen Projekte fu\u0308r eine entspannte Strickzeit zu finden, die passenden Garne auszusuchen und deine Strickprojekte sinnvoll u\u0308bers Jahr zu planen (wenn du magst!). Hinzu kommen Informationen u\u0308ber Nadelsta\u0308rken, Masseinheiten sowie Fakten u\u0308ber verschiedene Faserarten und Garnsta\u0308rken. Es gibt Seiten, um deine Garnka\u0308ufe zu dokumentieren und Wunschlisten fu\u0308r alles, was mit Stricken zu tun hat. Tipps zu Bu\u0308chern oder Strick-Events kannst du ebenfalls im Strickplaner unterbringen. Deine Ideen fu\u0308r ku\u0308nftige Projekte ha\u0308ltst du kurz und knackig auf den Ideen-Seiten fest. Hast du ein Projekt angeschlagen, finden alle Angaben dazu ihren Platz in den Projektseiten. Der Notiz- und Listenteil bietet genug Raum, um deine Ideen geordnet aufzuschreiben und mit Hilfe der Inhaltsverzeichnisse schnell wieder zu finden. Wer mag, kann sie auch f\u00fcrs Bullet Journaling nutzen.<\/p>\n<\/div>\n<p><strong>Spezifikationen\u00a0<\/strong><\/p>\n<p>224 Seiten insgesamt<\/p>\n<p>Au\u00dfenmasse:<br \/>\nL\u00e4nge \/\u00a0 Breite \/ H\u00f6he<br \/>\n18,5cm \/ 12,5cm \/ 1,6cm<\/p>\n<p>Blattmasse:<br \/>\nL\u00e4nge \/\u00a0 Breite<br \/>\n18cm \/ 12 cm<\/p>\n<p>Gewicht: 272g<br \/>\n2x Leseb\u00e4nder in Rot und Grau<br \/>\n1x Rot Gummiverschlussband<\/p>\n<p>Aufteilung:<br \/>\n\u00dcbersicht und Informationen: 5 Seiten<br \/>\nPl\u00e4ne f\u00fcrs Stricken: 2 Seiten<br \/>\nJahresplan: 8 Seiten<br \/>\nGarnk\u00e4ufe: 8 Seiten<br \/>\nWunschlisten: 4 Seiten<br \/>\nEvents &amp; Medien: 4 Seiten<br \/>\nMa\u00dfe und Gr\u00f6\u00dfen: 6 Seiten<br \/>\nIdeen: 10 Seiten<br \/>\n\u00dcbersicht Projekte: 4 Seiten<br \/>\nProjekte: 58 Seiten<br \/>\nListen- und Notizen-\u00dcbersicht: 5 Seiten<br \/>\nListen: 29 Seiten<br \/>\nNotizen kariert: 24 Seiten<br \/>\nNotizen punktkariert: 26 Seiten<br \/>\nNotizen blanko: 27 Seiten<br \/>\nProbeseite f\u00fcr Stifte und Tinte<\/p>\n<\/div>\n","protected":false},"excerpt":{"rendered":"<p><strong>Strickplaner des Label Strickmich von Martina Behm<\/strong><\/p>\n<p><strong>inkl. 3 Bogen Strickmich Stickerbogen<\/strong><\/p>\n<p><em>Der Strickplaner ist jetzt neu und anders! Es wurden viele Seiten f\u00fcr Projekte und Notizen eingef\u00fcgt \u2013 und daf\u00fcr das Kalendarium weggelassen. Jetzt kannst du deinen Strickplaner so lange benutzen, wie du magst: All deine Notizen zu deinen Projekten hast du immer dabei! <\/em><\/p>\n","protected":false},"featured_media":105925,"comment_status":"open","ping_status":"closed","template":"","meta":[],"product_cat":[2037,1943],"product_tag":[],"class_list":{"0":"post-105908","1":"product","2":"type-product","3":"status-publish","4":"has-post-thumbnail","6":"product_brand-strickmich","7":"product_cat-strickplaner","8":"product_cat-zubehoer","10":"first","11":"instock","12":"shipping-taxable","13":"purchasable","14":"product-type-simple","15":"hongo-alternate-image-wrap"},"_links":{"self":[{"href":"https:\/\/sidispinnt.ch\/index.php?rest_route=\/wp\/v2\/product\/105908","targetHints":{"allow":["GET"]}}],"collection":[{"href":"https:\/\/sidispinnt.ch\/index.php?rest_route=\/wp\/v2\/product"}],"about":[{"href":"https:\/\/sidispinnt.ch\/index.php?rest_route=\/wp\/v2\/types\/product"}],"replies":[{"embeddable":true,"href":"https:\/\/sidispinnt.ch\/index.php?rest_route=%2Fwp%2Fv2%2Fcomments&post=105908"}],"wp:featuredmedia":[{"embeddable":true,"href":"https:\/\/sidispinnt.ch\/index.php?rest_route=\/wp\/v2\/media\/105925"}],"wp:attachment":[{"href":"https:\/\/sidispinnt.ch\/index.php?rest_route=%2Fwp%2Fv2%2Fmedia&parent=105908"}],"wp:term":[{"taxonomy":"product_cat","embeddable":true,"href":"https:\/\/sidispinnt.ch\/index.php?rest_route=%2Fwp%2Fv2%2Fproduct_cat&post=105908"},{"taxonomy":"product_tag","embeddable":true,"href":"https:\/\/sidispinnt.ch\/index.php?rest_route=%2Fwp%2Fv2%2Fproduct_tag&post=105908"}],"curies":[{"name":"wp","href":"https:\/\/api.w.org\/{rel}","templated":true}]}}