{"id":106124,"date":"2022-11-03T17:43:02","date_gmt":"2022-11-03T16:43:02","guid":{"rendered":"https:\/\/sidispinnt.ch\/?post_type=product&#038;p=106124"},"modified":"2026-04-15T21:27:59","modified_gmt":"2026-04-15T19:27:59","slug":"schweizer-tibetische-spindel","status":"publish","type":"product","link":"https:\/\/sidispinnt.ch\/?product=schweizer-tibetische-spindel","title":{"rendered":"Schweizer Tibetische Spindel"},"content":{"rendered":"","protected":false},"excerpt":{"rendered":"<p><strong>Wirtel:<\/strong> Olive<br \/>\n<strong>Stab:<\/strong> Nussbaum<br \/>\n<strong>Gewicht:<\/strong> ca. 20-26g<br \/>\n<strong>L\u00e4nge:<\/strong> 24cm<\/p>\n<p>Die handgedrechselten Spindeln wurden in dem sch\u00f6nen Oberaargau erschaffen. Die Tibetische Spindel wird in einer Schale gesponnen, dadurch ist sie mehrheitlich f\u00fcr d\u00fcnne F\u00e4den und f\u00fcr kurzstaplige Fasern, wie z.B. Kaschmir, Kamel oder Baumwolle, geeignet. Die etwas angeraute Oberfl\u00e4che und die gute Gewichtsverteilung, macht das Spinnen zu einem produktiven Erlebnis.<\/p>\n","protected":false},"featured_media":106122,"comment_status":"open","ping_status":"closed","template":"","meta":[],"product_cat":[1939,1991],"product_tag":[2000,2004,2008,2190],"class_list":{"0":"post-106124","1":"product","2":"type-product","3":"status-publish","4":"has-post-thumbnail","6":"product_brand-drehpfeffer","7":"product_cat-spindeln","8":"product_cat-standspindeln","9":"product_tag-handspindel","10":"product_tag-holz","11":"product_tag-spinnen","12":"product_tag-tibetische-spindel","14":"first","15":"instock","16":"shipping-taxable","17":"purchasable","18":"product-type-simple","19":"hongo-alternate-image-wrap"},"_links":{"self":[{"href":"https:\/\/sidispinnt.ch\/index.php?rest_route=\/wp\/v2\/product\/106124","targetHints":{"allow":["GET"]}}],"collection":[{"href":"https:\/\/sidispinnt.ch\/index.php?rest_route=\/wp\/v2\/product"}],"about":[{"href":"https:\/\/sidispinnt.ch\/index.php?rest_route=\/wp\/v2\/types\/product"}],"replies":[{"embeddable":true,"href":"https:\/\/sidispinnt.ch\/index.php?rest_route=%2Fwp%2Fv2%2Fcomments&post=106124"}],"wp:featuredmedia":[{"embeddable":true,"href":"https:\/\/sidispinnt.ch\/index.php?rest_route=\/wp\/v2\/media\/106122"}],"wp:attachment":[{"href":"https:\/\/sidispinnt.ch\/index.php?rest_route=%2Fwp%2Fv2%2Fmedia&parent=106124"}],"wp:term":[{"taxonomy":"product_cat","embeddable":true,"href":"https:\/\/sidispinnt.ch\/index.php?rest_route=%2Fwp%2Fv2%2Fproduct_cat&post=106124"},{"taxonomy":"product_tag","embeddable":true,"href":"https:\/\/sidispinnt.ch\/index.php?rest_route=%2Fwp%2Fv2%2Fproduct_tag&post=106124"}],"curies":[{"name":"wp","href":"https:\/\/api.w.org\/{rel}","templated":true}]}}