{"id":106262,"date":"2022-11-12T16:37:34","date_gmt":"2022-11-12T15:37:34","guid":{"rendered":"https:\/\/sidispinnt.ch\/?post_type=product&#038;p=106262"},"modified":"2026-03-31T15:29:54","modified_gmt":"2026-03-31T13:29:54","slug":"seide-lace","status":"publish","type":"product","link":"https:\/\/sidispinnt.ch\/?product=seide-lace","title":{"rendered":"Seide Lace"},"content":{"rendered":"","protected":false},"excerpt":{"rendered":"<p><strong>Zusammensetzung:<\/strong> 100% Schappeseide<br \/>\n<strong>Spinnart:<\/strong> 2fach Zwirn<br \/>\n<strong>Laufl\u00e4nge:<\/strong> 800m \/ 874y<br \/>\n<strong>Gewicht:<\/strong> 100g \/ 3,5 oz<br \/>\n<strong>Nadelst\u00e4rke:<\/strong> 2 \u2013 3mm<\/p>\n<p>Dieses sch\u00f6ne in der Schweiz gesponnene Garn ist nicht nur unglaublich gl\u00e4nzend, sondern ist trotz seiner Festigkeit sehr weich und angenehm auf der Haut. Im Sommer k\u00fchlt die Seide und im Winter w\u00e4rmt sie. Ideal f\u00fcr diejenigen, die keine Wolle tragen k\u00f6nnen.<\/p>\n<p>Optimal f\u00fcr gestrickte T\u00fccher oder leichte Sommerkleidung.<\/p>\n","protected":false},"featured_media":109730,"comment_status":"open","ping_status":"closed","template":"","meta":[],"product_cat":[188],"product_tag":[1807,1669,2309,1677],"class_list":{"0":"post-106262","1":"product","2":"type-product","3":"status-publish","4":"has-post-thumbnail","6":"product_brand-sidispinnt","7":"product_cat-garne","8":"product_tag-2-fach-zwirn","9":"product_tag-garne","10":"product_tag-lace","11":"product_tag-seide","13":"first","14":"instock","15":"shipping-taxable","16":"purchasable","17":"product-type-variable","18":"has-default-attributes"},"_links":{"self":[{"href":"https:\/\/sidispinnt.ch\/index.php?rest_route=\/wp\/v2\/product\/106262","targetHints":{"allow":["GET"]}}],"collection":[{"href":"https:\/\/sidispinnt.ch\/index.php?rest_route=\/wp\/v2\/product"}],"about":[{"href":"https:\/\/sidispinnt.ch\/index.php?rest_route=\/wp\/v2\/types\/product"}],"replies":[{"embeddable":true,"href":"https:\/\/sidispinnt.ch\/index.php?rest_route=%2Fwp%2Fv2%2Fcomments&post=106262"}],"wp:featuredmedia":[{"embeddable":true,"href":"https:\/\/sidispinnt.ch\/index.php?rest_route=\/wp\/v2\/media\/109730"}],"wp:attachment":[{"href":"https:\/\/sidispinnt.ch\/index.php?rest_route=%2Fwp%2Fv2%2Fmedia&parent=106262"}],"wp:term":[{"taxonomy":"product_cat","embeddable":true,"href":"https:\/\/sidispinnt.ch\/index.php?rest_route=%2Fwp%2Fv2%2Fproduct_cat&post=106262"},{"taxonomy":"product_tag","embeddable":true,"href":"https:\/\/sidispinnt.ch\/index.php?rest_route=%2Fwp%2Fv2%2Fproduct_tag&post=106262"}],"curies":[{"name":"wp","href":"https:\/\/api.w.org\/{rel}","templated":true}]}}