{"id":106884,"date":"2022-11-28T20:35:33","date_gmt":"2022-11-28T19:35:33","guid":{"rendered":"https:\/\/sidispinnt.ch\/?post_type=product&#038;p=106884"},"modified":"2026-04-09T23:57:09","modified_gmt":"2026-04-09T21:57:09","slug":"eri-seide","status":"publish","type":"product","link":"https:\/\/sidispinnt.ch\/?product=eri-seide","title":{"rendered":"Eri Seide"},"content":{"rendered":"","protected":false},"excerpt":{"rendered":"<div class=\"woocommerce-product-details__short-description\">\n<p><strong>Zusammensetzung:<\/strong> 100% Eri Seide<br \/>\n<strong>Spinnvorbereitung:<\/strong> Kammzug<br \/>\n<strong>Gewicht:<\/strong> 50g \/ 1,8 oz<\/p>\n<p>Eri Seide ist eine Wildseide, bei der der Schmetterling ausschl\u00fcpfen darf, bevor sie verarbeitet wird.<\/p>\n<p>Sie schimmert Rostrot oder Vanille-Gelb, stammt aus Assam Indien und geh\u00f6rt zu den warmen Seidenarten. Sie hat eine nat\u00fcrliche Farbe, die von der Seidenraupe so gesponnen wird. Es wurde nicht gef\u00e4rbt oder gebleicht.<\/p>\n<\/div>\n","protected":false},"featured_media":106881,"comment_status":"open","ping_status":"closed","template":"","meta":[],"product_cat":[858,2101],"product_tag":[2184,2163,1703,1677,2008],"class_list":{"0":"post-106884","1":"product","2":"type-product","3":"status-publish","4":"has-post-thumbnail","6":"product_brand-sidispinnt","7":"product_cat-fasern","8":"product_cat-kammzuege-natur","9":"product_tag-eri-seide","10":"product_tag-faser","11":"product_tag-kammzug","12":"product_tag-seide","13":"product_tag-spinnen","15":"first","16":"instock","17":"shipping-taxable","18":"purchasable","19":"product-type-variable","20":"hongo-alternate-image-wrap"},"_links":{"self":[{"href":"https:\/\/sidispinnt.ch\/index.php?rest_route=\/wp\/v2\/product\/106884","targetHints":{"allow":["GET"]}}],"collection":[{"href":"https:\/\/sidispinnt.ch\/index.php?rest_route=\/wp\/v2\/product"}],"about":[{"href":"https:\/\/sidispinnt.ch\/index.php?rest_route=\/wp\/v2\/types\/product"}],"replies":[{"embeddable":true,"href":"https:\/\/sidispinnt.ch\/index.php?rest_route=%2Fwp%2Fv2%2Fcomments&post=106884"}],"wp:featuredmedia":[{"embeddable":true,"href":"https:\/\/sidispinnt.ch\/index.php?rest_route=\/wp\/v2\/media\/106881"}],"wp:attachment":[{"href":"https:\/\/sidispinnt.ch\/index.php?rest_route=%2Fwp%2Fv2%2Fmedia&parent=106884"}],"wp:term":[{"taxonomy":"product_cat","embeddable":true,"href":"https:\/\/sidispinnt.ch\/index.php?rest_route=%2Fwp%2Fv2%2Fproduct_cat&post=106884"},{"taxonomy":"product_tag","embeddable":true,"href":"https:\/\/sidispinnt.ch\/index.php?rest_route=%2Fwp%2Fv2%2Fproduct_tag&post=106884"}],"curies":[{"name":"wp","href":"https:\/\/api.w.org\/{rel}","templated":true}]}}