{"id":107467,"date":"2022-12-22T14:57:22","date_gmt":"2022-12-22T13:57:22","guid":{"rendered":"https:\/\/sidispinnt.ch\/?post_type=product&#038;p=107467"},"modified":"2026-03-31T12:01:48","modified_gmt":"2026-03-31T10:01:48","slug":"perlenfasern-kammzug","status":"publish","type":"product","link":"https:\/\/sidispinnt.ch\/?product=perlenfasern-kammzug","title":{"rendered":"Perlenfasern Kammzug"},"content":{"rendered":"","protected":false},"excerpt":{"rendered":"<p><strong>Zusammensetzung:<\/strong> 100% Perlenfasern<br \/>\n<strong>Spinnvorbereitung:<\/strong> Kammzug<br \/>\n<strong>Faserl\u00e4nge:<\/strong> 75-80mm<br \/>\n<strong>Gewicht:<\/strong> 50g \/ 1,7 oz<br \/>\n<strong>Farbe:<\/strong> Perlweiss<br \/>\n<strong>Level:<\/strong> Fortgeschrittene<\/p>\n<p>Eine ganz neue, biologisch abbaubare Zellulosefaser, die mit wertvollem Perlenpulver versetzt ist, das nat\u00fcrliche Aminos\u00e4uren und Spurenelemente enth\u00e4lt. Es handelt sich um eine sehr weiche und gl\u00e4nzende Faser. Die Faser vermittelt ein nat\u00fcrliches, glattes und k\u00fchlendes Gef\u00fchl mit einer hohen Feuchtigkeitsaufnahme und hat einnen nat\u00fcrlichen UVA-Schutz.<br \/>\nPerfekt zum Spinnen und Mischen mit Fasern wie Baumwolle, Seide, Wolle und Leinen<\/p>\n","protected":false},"featured_media":107468,"comment_status":"open","ping_status":"closed","template":"","meta":[],"product_cat":[858,3163],"product_tag":[1699,1703,3168,2008],"class_list":{"0":"post-107467","1":"product","2":"type-product","3":"status-publish","4":"has-post-thumbnail","6":"product_brand-sidispinnt","7":"product_cat-fasern","8":"product_cat-synthetische-fasern","9":"product_tag-fasern","10":"product_tag-kammzug","11":"product_tag-perle-de","12":"product_tag-spinnen","14":"first","15":"instock","16":"shipping-taxable","17":"purchasable","18":"product-type-simple"},"_links":{"self":[{"href":"https:\/\/sidispinnt.ch\/index.php?rest_route=\/wp\/v2\/product\/107467","targetHints":{"allow":["GET"]}}],"collection":[{"href":"https:\/\/sidispinnt.ch\/index.php?rest_route=\/wp\/v2\/product"}],"about":[{"href":"https:\/\/sidispinnt.ch\/index.php?rest_route=\/wp\/v2\/types\/product"}],"replies":[{"embeddable":true,"href":"https:\/\/sidispinnt.ch\/index.php?rest_route=%2Fwp%2Fv2%2Fcomments&post=107467"}],"wp:featuredmedia":[{"embeddable":true,"href":"https:\/\/sidispinnt.ch\/index.php?rest_route=\/wp\/v2\/media\/107468"}],"wp:attachment":[{"href":"https:\/\/sidispinnt.ch\/index.php?rest_route=%2Fwp%2Fv2%2Fmedia&parent=107467"}],"wp:term":[{"taxonomy":"product_cat","embeddable":true,"href":"https:\/\/sidispinnt.ch\/index.php?rest_route=%2Fwp%2Fv2%2Fproduct_cat&post=107467"},{"taxonomy":"product_tag","embeddable":true,"href":"https:\/\/sidispinnt.ch\/index.php?rest_route=%2Fwp%2Fv2%2Fproduct_tag&post=107467"}],"curies":[{"name":"wp","href":"https:\/\/api.w.org\/{rel}","templated":true}]}}