{"id":108061,"date":"2023-04-05T13:02:12","date_gmt":"2023-04-05T11:02:12","guid":{"rendered":"https:\/\/sidispinnt.ch\/?post_type=product&#038;p=108061"},"modified":"2026-04-26T16:58:55","modified_gmt":"2026-04-26T14:58:55","slug":"yarnadelic-kammzuege","status":"publish","type":"product","link":"https:\/\/sidispinnt.ch\/?product=yarnadelic-kammzuege","title":{"rendered":"John Arbon Yarnadelic Kammz\u00fcge"},"content":{"rendered":"","protected":false},"excerpt":{"rendered":"<p><strong>Zusammensetzung:<\/strong> 100% Falkland Corridale<br \/>\n<strong>Spinnvorbereitung:<\/strong> Kammzug<br \/>\n<strong>Gewicht:<\/strong> 100g \/ 3,5 oz<\/p>\n<p>Yarnadelic ist 100% Falklands Corriedale. Die Rasse ist etwa 100 Jahre alt und entstand durch die Kreuzung von Merino und Lincoln Longwool. Ihre Eigenschaften sind ein perfektes Gleichgewicht aus herrlicher Weichheit und Sprungkraft der Merino und dem leichten Glanz und der langen Stapell\u00e4nge der Lincoln Longwool.<\/p>\n<p>Corriedale wird auf den Falkland-Inseln gez\u00fcchtet \u2013 so wird sichergestellt, dass die Tiere mit \u00e4usserster Sorgfalt behandelt werden und frei von Mulesing sind. Die Fasern werden dann in England gef\u00e4rbt und in der M\u00fchle in North Devon liebevoll aufbereitet, gemischt und gesponnen.<\/p>\n<p>Bildkredit: John Arbon<\/p>\n","protected":false},"featured_media":108063,"comment_status":"open","ping_status":"closed","template":"","meta":[],"product_cat":[858,864],"product_tag":[2138,1699,1703,2008],"class_list":{"0":"post-108061","1":"product","2":"type-product","3":"status-publish","4":"has-post-thumbnail","6":"product_brand-john_arbon","7":"product_cat-fasern","8":"product_cat-kammzuege-farbig","9":"product_tag-corriedale","10":"product_tag-fasern","11":"product_tag-kammzug","12":"product_tag-spinnen","14":"first","15":"instock","16":"shipping-taxable","17":"purchasable","18":"product-type-variable","19":"has-default-attributes","20":"hongo-alternate-image-wrap"},"_links":{"self":[{"href":"https:\/\/sidispinnt.ch\/index.php?rest_route=\/wp\/v2\/product\/108061","targetHints":{"allow":["GET"]}}],"collection":[{"href":"https:\/\/sidispinnt.ch\/index.php?rest_route=\/wp\/v2\/product"}],"about":[{"href":"https:\/\/sidispinnt.ch\/index.php?rest_route=\/wp\/v2\/types\/product"}],"replies":[{"embeddable":true,"href":"https:\/\/sidispinnt.ch\/index.php?rest_route=%2Fwp%2Fv2%2Fcomments&post=108061"}],"wp:featuredmedia":[{"embeddable":true,"href":"https:\/\/sidispinnt.ch\/index.php?rest_route=\/wp\/v2\/media\/108063"}],"wp:attachment":[{"href":"https:\/\/sidispinnt.ch\/index.php?rest_route=%2Fwp%2Fv2%2Fmedia&parent=108061"}],"wp:term":[{"taxonomy":"product_cat","embeddable":true,"href":"https:\/\/sidispinnt.ch\/index.php?rest_route=%2Fwp%2Fv2%2Fproduct_cat&post=108061"},{"taxonomy":"product_tag","embeddable":true,"href":"https:\/\/sidispinnt.ch\/index.php?rest_route=%2Fwp%2Fv2%2Fproduct_tag&post=108061"}],"curies":[{"name":"wp","href":"https:\/\/api.w.org\/{rel}","templated":true}]}}