{"id":109406,"date":"2024-03-17T12:35:38","date_gmt":"2024-03-17T11:35:38","guid":{"rendered":"https:\/\/sidispinnt.ch\/?post_type=product&#038;p=109406"},"modified":"2024-08-20T21:53:46","modified_gmt":"2024-08-20T19:53:46","slug":"akina-cardigan-anleitung","status":"publish","type":"product","link":"https:\/\/sidispinnt.ch\/?product=akina-cardigan-anleitung","title":{"rendered":"Akina Cardigan Anleitung"},"content":{"rendered":"<p><strong>Brustumfang der fertigen Jacken<\/strong><br \/>\n95 (105, 115, 125, 135) 145, 155, 165, 175 cm<br \/>\n37.5 (41.25, 45.5, 49.25, 53.25) 57, 61, 65, 69\u201c<\/p>\n<p><strong>Designed f\u00fcr eine Oberweite von<\/strong><br \/>\n75 (85, 95, 105, 115) 125, 135, 145, 155 cm<br \/>\n29.5 (33.5, 37.5, 41.25, 45.25) 49.25, 53.25, 57, 61\u201c<\/p>\n<p><strong>Garn<\/strong><br \/>\nBadma Yarns Yak 3 (100% Yak Fibers 200 m \/ 218 y per 50g) shown in color: \u00abPlatinum\u00bb<\/p>\n<p><strong>Str\u00e4nge<\/strong><br \/>\n8 (8, 9, 10, 11) 12, 12, 13, 14<\/p>\n<p><strong>Laufmeter<\/strong><br \/>\n1459 (1600, 1765, 1906, 2071) 2212, 2376, 2518, 2682 m \/<br \/>\n1594 (1749, 1929, 2083, 2263) 2417, 2597, 2752, 2932 y<\/p>\n<p>Diese Anleitung ist tech-editiert und getestet<\/p>\n","protected":false},"excerpt":{"rendered":"<p>Der Akina Cardigan wird nahtlos flach von oben nach unten gestrickt, mit einem Zopfmuster aus verschr\u00e4nkten Maschen an den R\u00e4ndern. Er beginnt mit einem Anschlag f\u00fcr den oberen R\u00fccken, gefolgt von einigen verk\u00fcrzten Reihen f\u00fcr die Schulterform und den oberen R\u00fccken bis zum Ende der Armausschnitte. Beide Vorderseiten werden werden nach dem Aufnehmen der Maschen vom Anschlagen getrennt gearbeitet. Die Vorderteile werden entlang des hinteren Halsausschnitts geteilt und wachsen \u00fcber die Schulter zur Vorderseite. Die R\u00e4nder der Strickjacke werden mit der Double-Knit-Technik gestrickt und durch verk\u00fcrzte Reihen in jeder zweiten Reihe an die L\u00e4nge angepasst. Die Drop Shoulder \u00c4rmel sind leicht \u00fcberdimensioniert und enden in einem halb verschr\u00e4nkten Rippenmuster. Es gibt keine Abnahmen und Zunahmen an den Seiten des K\u00f6rpers. Es wird einer zus\u00e4tzlichen Weite von ca. 20 cm \/ 7.75\u201d um die Brust getragen. Das Muster ist in Gr\u00f6sse B bei einer Oberweite von 86 cm \/ 33.75\u201d gezeigt.<\/p>\n<p>Die Strickanleitung beinhaltet PDFs in Deutsch und Englisch zum direkten Download.<\/p>\n","protected":false},"featured_media":109425,"comment_status":"open","ping_status":"closed","template":"","meta":[],"product_cat":[4167],"product_tag":[4184,4171],"class_list":{"0":"post-109406","1":"product","2":"type-product","3":"status-publish","4":"has-post-thumbnail","6":"product_brand-sidispinnt","7":"product_cat-strickanleitungen","8":"product_tag-jacke","9":"product_tag-strickanleitungen","11":"first","12":"instock","13":"downloadable","14":"virtual","15":"purchasable","16":"product-type-simple"},"_links":{"self":[{"href":"https:\/\/sidispinnt.ch\/index.php?rest_route=\/wp\/v2\/product\/109406","targetHints":{"allow":["GET"]}}],"collection":[{"href":"https:\/\/sidispinnt.ch\/index.php?rest_route=\/wp\/v2\/product"}],"about":[{"href":"https:\/\/sidispinnt.ch\/index.php?rest_route=\/wp\/v2\/types\/product"}],"replies":[{"embeddable":true,"href":"https:\/\/sidispinnt.ch\/index.php?rest_route=%2Fwp%2Fv2%2Fcomments&post=109406"}],"wp:featuredmedia":[{"embeddable":true,"href":"https:\/\/sidispinnt.ch\/index.php?rest_route=\/wp\/v2\/media\/109425"}],"wp:attachment":[{"href":"https:\/\/sidispinnt.ch\/index.php?rest_route=%2Fwp%2Fv2%2Fmedia&parent=109406"}],"wp:term":[{"taxonomy":"product_cat","embeddable":true,"href":"https:\/\/sidispinnt.ch\/index.php?rest_route=%2Fwp%2Fv2%2Fproduct_cat&post=109406"},{"taxonomy":"product_tag","embeddable":true,"href":"https:\/\/sidispinnt.ch\/index.php?rest_route=%2Fwp%2Fv2%2Fproduct_tag&post=109406"}],"curies":[{"name":"wp","href":"https:\/\/api.w.org\/{rel}","templated":true}]}}