{"id":109475,"date":"2024-03-22T16:15:09","date_gmt":"2024-03-22T15:15:09","guid":{"rendered":"https:\/\/sidispinnt.ch\/?post_type=product&#038;p=109475"},"modified":"2024-08-20T21:53:46","modified_gmt":"2024-08-20T19:53:46","slug":"linnea-tee-anleitung","status":"publish","type":"product","link":"https:\/\/sidispinnt.ch\/?product=linnea-tee-anleitung","title":{"rendered":"Linnea Tee Anleitung"},"content":{"rendered":"<p><strong>Brustumfang des fertigen Shirts<\/strong><br \/>\n90 (100, 110, 120, 130) 141.5, 151.5, 161.5, 170 cm<br \/>\n35.5 (39.5, 43.5, 47.25, 51.25) 56, 59.75, 64, 67\u201c<\/p>\n<p><strong>Garn<\/strong><br \/>\nMyak Kupa (50% Baby Yak, 50% Organic Cotton; 116 m \/ 127 y per 25g) gezeigt in der Farbe \u00abSamana\u00bb<\/p>\n<p><strong>Str\u00e4nge<\/strong><br \/>\n6 (6, 7, 7, 8) 8, 9, 9, 10<\/p>\n<p><strong>Laufmeter<\/strong><br \/>\n600 (660, 714, 761, 835) 910, 950, 1017, 1078 m<br \/>\n654 (719, 778, 829, 910) 992, 1036, 1109, 1175 y<\/p>\n<p>Diese Anleitung ist tech-editiert und getestet<\/p>\n","protected":false},"excerpt":{"rendered":"<p>Das Linnea Tee ist ein kurz\u00e4rmliges und kurz gehaltenes Shirt, was nahtlos von oben nach unten in Runden gestrickt wird. Auf den \u00c4rmeloberseite zieht sich eine Lacebord\u00fcre vom Hals zum Oberarm. Es beginnt mit einem einfachen 1&#215;1 B\u00fcndchen, gefolgt von Raglan Zunahmen f\u00fcr den K\u00f6rper und die \u00c4rmel, w\u00e4hrend die Lacebord\u00fcre auf den \u00c4rmeln gearbeitet wird. Nach der Trennung von K\u00f6rper und \u00c4rmel wird der K\u00f6rper glatt Rechts gestrickt und endet wieder mit einem 1&#215;1 B\u00fcndchen. Entlang der K\u00f6rperseiten befinden sich Zunahmen f\u00fcr die H\u00fcfte. Das Shirt wird mit ca. 15 cm \/ 6\u201d zus\u00e4tzlicher Weite um die Brust getragen. Gezeigt in Gr\u00f6sse S mit einer 85cm (33.5\u201d) Oberweite.<\/p>\n<p>Die Strickanleitung beinhaltet PDFs in Deutsch und Englisch zum direkten Download.<\/p>\n","protected":false},"featured_media":109486,"comment_status":"open","ping_status":"closed","template":"","meta":[],"product_cat":[4167],"product_tag":[4211,4171],"class_list":{"0":"post-109475","1":"product","2":"type-product","3":"status-publish","4":"has-post-thumbnail","6":"product_brand-sidispinnt","7":"product_cat-strickanleitungen","8":"product_tag-shirt","9":"product_tag-strickanleitungen","11":"first","12":"instock","13":"downloadable","14":"virtual","15":"purchasable","16":"product-type-simple"},"_links":{"self":[{"href":"https:\/\/sidispinnt.ch\/index.php?rest_route=\/wp\/v2\/product\/109475","targetHints":{"allow":["GET"]}}],"collection":[{"href":"https:\/\/sidispinnt.ch\/index.php?rest_route=\/wp\/v2\/product"}],"about":[{"href":"https:\/\/sidispinnt.ch\/index.php?rest_route=\/wp\/v2\/types\/product"}],"replies":[{"embeddable":true,"href":"https:\/\/sidispinnt.ch\/index.php?rest_route=%2Fwp%2Fv2%2Fcomments&post=109475"}],"wp:featuredmedia":[{"embeddable":true,"href":"https:\/\/sidispinnt.ch\/index.php?rest_route=\/wp\/v2\/media\/109486"}],"wp:attachment":[{"href":"https:\/\/sidispinnt.ch\/index.php?rest_route=%2Fwp%2Fv2%2Fmedia&parent=109475"}],"wp:term":[{"taxonomy":"product_cat","embeddable":true,"href":"https:\/\/sidispinnt.ch\/index.php?rest_route=%2Fwp%2Fv2%2Fproduct_cat&post=109475"},{"taxonomy":"product_tag","embeddable":true,"href":"https:\/\/sidispinnt.ch\/index.php?rest_route=%2Fwp%2Fv2%2Fproduct_tag&post=109475"}],"curies":[{"name":"wp","href":"https:\/\/api.w.org\/{rel}","templated":true}]}}