{"id":110085,"date":"2024-08-09T11:05:45","date_gmt":"2024-08-09T09:05:45","guid":{"rendered":"https:\/\/sidispinnt.ch\/?post_type=product&#038;p=110085"},"modified":"2026-03-31T15:06:58","modified_gmt":"2026-03-31T13:06:58","slug":"illimani-sabri-ii","status":"publish","type":"product","link":"https:\/\/sidispinnt.ch\/?product=illimani-sabri-ii","title":{"rendered":"Illimani Sabri II"},"content":{"rendered":"","protected":false},"excerpt":{"rendered":"<p><strong>Zusammensetzung:<\/strong> 85% Bio Baumwolle, 15% Baby Alpaka<br \/>\n<strong>Spinnart:<\/strong> Cabl\u00e9 (Kette)<br \/>\n<strong>Laufl\u00e4nge:<\/strong> 200m \/ 218y<br \/>\n<strong>Gewicht:<\/strong> 100g \/ 3,5 oz<br \/>\n<strong>Nadelst\u00e4rke:<\/strong> 4 \u2013 5mm<\/p>\n<p>Das Illimani Sabri Garn besteht aus weisser Bio Baumwolle, die mit allen sch\u00f6nen Naturfarben der Alpakas gemischt sind. Sie sind nicht zus\u00e4tzlich gef\u00e4rbt.<br \/>\nDurch den Kett-Zwirn l\u00e4sst sich Sabri viel angenehmer verstricken als herk\u00f6mmliche Baumwollgarne und erinnert mehr an ein Wollgarn. Durch den hohen Baumwollanteil kratzt oder beisst das Garn kaum.<\/p>\n<p>Optimal eignet sich das Garn f\u00fcr Sommertops, Pullover, Strickjacken und nat\u00fcrlich flauschig grosse T\u00fccher<\/p>\n","protected":false},"featured_media":110094,"comment_status":"open","ping_status":"closed","template":"","meta":[],"product_cat":[188],"product_tag":[1799,1687,1669,3090],"class_list":{"0":"post-110085","1":"product","2":"type-product","3":"status-publish","4":"has-post-thumbnail","6":"product_brand-illimani","7":"product_cat-garne","8":"product_tag-baumwolle","9":"product_tag-dk","10":"product_tag-garne","11":"product_tag-stricken","13":"first","14":"instock","15":"shipping-taxable","16":"purchasable","17":"product-type-variable","18":"has-default-attributes"},"_links":{"self":[{"href":"https:\/\/sidispinnt.ch\/index.php?rest_route=\/wp\/v2\/product\/110085","targetHints":{"allow":["GET"]}}],"collection":[{"href":"https:\/\/sidispinnt.ch\/index.php?rest_route=\/wp\/v2\/product"}],"about":[{"href":"https:\/\/sidispinnt.ch\/index.php?rest_route=\/wp\/v2\/types\/product"}],"replies":[{"embeddable":true,"href":"https:\/\/sidispinnt.ch\/index.php?rest_route=%2Fwp%2Fv2%2Fcomments&post=110085"}],"wp:featuredmedia":[{"embeddable":true,"href":"https:\/\/sidispinnt.ch\/index.php?rest_route=\/wp\/v2\/media\/110094"}],"wp:attachment":[{"href":"https:\/\/sidispinnt.ch\/index.php?rest_route=%2Fwp%2Fv2%2Fmedia&parent=110085"}],"wp:term":[{"taxonomy":"product_cat","embeddable":true,"href":"https:\/\/sidispinnt.ch\/index.php?rest_route=%2Fwp%2Fv2%2Fproduct_cat&post=110085"},{"taxonomy":"product_tag","embeddable":true,"href":"https:\/\/sidispinnt.ch\/index.php?rest_route=%2Fwp%2Fv2%2Fproduct_tag&post=110085"}],"curies":[{"name":"wp","href":"https:\/\/api.w.org\/{rel}","templated":true}]}}