{"id":110800,"date":"2025-02-19T18:54:35","date_gmt":"2025-02-19T17:54:35","guid":{"rendered":"https:\/\/sidispinnt.ch\/?post_type=product&#038;p=110800"},"modified":"2025-02-19T18:54:36","modified_gmt":"2025-02-19T17:54:36","slug":"zaja-sweater-anleitung","status":"publish","type":"product","link":"https:\/\/sidispinnt.ch\/?product=zaja-sweater-anleitung","title":{"rendered":"Zaja Sweater Anleitung"},"content":{"rendered":"<p><strong>Gr\u00f6ssen<\/strong><br \/>\nA (B, C, D, E) (F, G, H, I)<\/p>\n<p><strong>Brustumfang des Pullovers<\/strong><br \/>\n93 (103, 113, 123, 133) (143, 153, 163, 173) cm<br \/>\n36.5 (40.5, 44.5, 48.5, 52.25) (56.25, 60.25, 64.25, 68)\u201c<\/p>\n<p><strong>Garn<\/strong><br \/>\nBadma Yarns Cashmere 3 (100% Kaschmir &#8211; 200 m \/ 218 y per 50g) gezeigt in der Farbe: \u00abOatmeal\u00bb<\/p>\n<p><strong><em>Garnalternativen<\/em><\/strong><br \/>\nSidispinnt Tibetan Single (60% Merino Superwash, 20% Yak, 20% Seide- 480 m \/ 524 y per 120g)<br \/>\nKnitting f\u00fcr Olive Merino (100% Merino &#8211; 250 m \/ 273 per 50g)<\/p>\n<p><strong>Str\u00e4nge<\/strong><br \/>\n8 (8, 9, 9, 10) (10, 11, 11, 11)<\/p>\n<p><strong>Laufl\u00e4nge<\/strong><br \/>\n1518 (1575, 1690, 1805, 1920) (1977, 2035, 2092, 2150) m<br \/>\n1659 (1722, 1847, 1973, 2099) (2161, 2224, 2287, 2350) y<\/p>\n<p>Diese Anleitung ist tech-editiert und getestet<\/p>\n","protected":false},"excerpt":{"rendered":"<p>Der Zaja Sweater wird nahtlos erst in der Runde, dann flach und von der Seite her gestrickt. Er hat ein durchgehendes Muster aus Rippen und abgehobenen Maschen. Das Muster beginnt mit dem Anschlagen des B\u00fcndchens und geht bis zum Ende des Oberarms. Nun wird f\u00fcr den K\u00f6rper zugenommen und bis zum Halsausschnitt in Reihen weitergestrickt. Danach werden Vorder- und R\u00fcckseite getrennt voneinander gearbeitet. Die andere Seite des Pullovers wird auf die gleiche Weise gearbeitet. Die Vorder- und R\u00fcckseiten werden am Schluss mit einer modifizierten 3 Needle Bind-off verbunden. Am Ende werden die Maschen f\u00fcr den Halsausschnitt und den Saum aufgenommen. An den Seiten des K\u00f6rpers gibt es keine formgebenden Abnahmen oder Zunahmen. Die Passform ist mit einer zus\u00e4tzlicher von ca. 18 cm \/ 7\u2019\u2019 um die Brust herum vorgesehen. Das gezeigte Muster ist Gr\u00f6sse B und f\u00fcr eine Oberweite von 85 cm \/ 33.5\u2019\u2019 konzipiert.<\/p>\n","protected":false},"featured_media":110809,"comment_status":"open","ping_status":"closed","template":"","meta":[],"product_cat":[4167],"product_tag":[4535,4171],"class_list":{"0":"post-110800","1":"product","2":"type-product","3":"status-publish","4":"has-post-thumbnail","6":"product_brand-sidispinnt","7":"product_cat-strickanleitungen","8":"product_tag-pullover","9":"product_tag-strickanleitungen","11":"first","12":"instock","13":"downloadable","14":"virtual","15":"purchasable","16":"product-type-simple"},"_links":{"self":[{"href":"https:\/\/sidispinnt.ch\/index.php?rest_route=\/wp\/v2\/product\/110800","targetHints":{"allow":["GET"]}}],"collection":[{"href":"https:\/\/sidispinnt.ch\/index.php?rest_route=\/wp\/v2\/product"}],"about":[{"href":"https:\/\/sidispinnt.ch\/index.php?rest_route=\/wp\/v2\/types\/product"}],"replies":[{"embeddable":true,"href":"https:\/\/sidispinnt.ch\/index.php?rest_route=%2Fwp%2Fv2%2Fcomments&post=110800"}],"wp:featuredmedia":[{"embeddable":true,"href":"https:\/\/sidispinnt.ch\/index.php?rest_route=\/wp\/v2\/media\/110809"}],"wp:attachment":[{"href":"https:\/\/sidispinnt.ch\/index.php?rest_route=%2Fwp%2Fv2%2Fmedia&parent=110800"}],"wp:term":[{"taxonomy":"product_cat","embeddable":true,"href":"https:\/\/sidispinnt.ch\/index.php?rest_route=%2Fwp%2Fv2%2Fproduct_cat&post=110800"},{"taxonomy":"product_tag","embeddable":true,"href":"https:\/\/sidispinnt.ch\/index.php?rest_route=%2Fwp%2Fv2%2Fproduct_tag&post=110800"}],"curies":[{"name":"wp","href":"https:\/\/api.w.org\/{rel}","templated":true}]}}