{"id":110837,"date":"2025-02-19T19:59:28","date_gmt":"2025-02-19T18:59:28","guid":{"rendered":"https:\/\/sidispinnt.ch\/?post_type=product&#038;p=110837"},"modified":"2025-02-19T19:59:28","modified_gmt":"2025-02-19T18:59:28","slug":"pumpkin-field-hat-anleitung","status":"publish","type":"product","link":"https:\/\/sidispinnt.ch\/?product=pumpkin-field-hat-anleitung","title":{"rendered":"Pumpkin Field Hat Anleitung"},"content":{"rendered":"<p><strong>Umfang nach dem Waschen<\/strong><br \/>\n42 (50, 58)cm 16.5 (19.7, 22.8)\u201c<\/p>\n<p><strong>Garn<\/strong><br \/>\n212m (231y) \/ 100g \u2013 <a href=\"https:\/\/sidispinnt.ch\/?product=tibetan-dk\">Sidispinnt Tibetan DK<\/a> (60% Merino Superwash, 20 Yak, 20% Seide), gezeigt in der Farbe \u00abBeech\u00bb.<\/p>\n<p><strong>Str\u00e4nge<\/strong><br \/>\n1 Strange f\u00fcr alle Gr\u00f6ssen.<\/p>\n<p><strong>Laufmeter<\/strong><br \/>\nca. 130 (160, 190)m \/ 142 (175, 108)y<\/p>\n<p><strong>Verwendete Techniken in dieser Anleitung<\/strong><\/p>\n<ul>\n<li>2\/2 Tubular cast on,(italienischer Anschlag)<\/li>\n<li>Z\u00f6pfe stricken<\/li>\n<\/ul>\n","protected":false},"excerpt":{"rendered":"<p>Die M\u00fctze wird von unten nach oben in Runden gestrickt und wird in einem 2\/2 Rippchen mit einem italienischen Anschlag begonnen. Das lange Rippenmuster wird sp\u00e4ter zu einer gefalteten Krempe geformt. Die Zopfreihen wachsen nach oben wie K\u00fcrbisse im Feld, wo dann die Abnahmen f\u00fcr die Krone beginnen.<\/p>\n<p>Die M\u00fctze wird ungef\u00e4hr 2.5-5cm 1-2\u201d kleiner getragen als der tats\u00e4chliche Kopfumfang ist.<\/p>\n","protected":false},"featured_media":110329,"comment_status":"open","ping_status":"closed","template":"","meta":[],"product_cat":[4167],"product_tag":[4188,4171,4197],"class_list":{"0":"post-110837","1":"product","2":"type-product","3":"status-publish","4":"has-post-thumbnail","6":"product_brand-sidispinnt","7":"product_cat-strickanleitungen","8":"product_tag-muetze","9":"product_tag-strickanleitungen","10":"product_tag-tibetan-dk","12":"first","13":"instock","14":"downloadable","15":"virtual","16":"purchasable","17":"product-type-simple"},"_links":{"self":[{"href":"https:\/\/sidispinnt.ch\/index.php?rest_route=\/wp\/v2\/product\/110837","targetHints":{"allow":["GET"]}}],"collection":[{"href":"https:\/\/sidispinnt.ch\/index.php?rest_route=\/wp\/v2\/product"}],"about":[{"href":"https:\/\/sidispinnt.ch\/index.php?rest_route=\/wp\/v2\/types\/product"}],"replies":[{"embeddable":true,"href":"https:\/\/sidispinnt.ch\/index.php?rest_route=%2Fwp%2Fv2%2Fcomments&post=110837"}],"wp:featuredmedia":[{"embeddable":true,"href":"https:\/\/sidispinnt.ch\/index.php?rest_route=\/wp\/v2\/media\/110329"}],"wp:attachment":[{"href":"https:\/\/sidispinnt.ch\/index.php?rest_route=%2Fwp%2Fv2%2Fmedia&parent=110837"}],"wp:term":[{"taxonomy":"product_cat","embeddable":true,"href":"https:\/\/sidispinnt.ch\/index.php?rest_route=%2Fwp%2Fv2%2Fproduct_cat&post=110837"},{"taxonomy":"product_tag","embeddable":true,"href":"https:\/\/sidispinnt.ch\/index.php?rest_route=%2Fwp%2Fv2%2Fproduct_tag&post=110837"}],"curies":[{"name":"wp","href":"https:\/\/api.w.org\/{rel}","templated":true}]}}