{"id":110860,"date":"2025-03-11T15:54:32","date_gmt":"2025-03-11T14:54:32","guid":{"rendered":"https:\/\/sidispinnt.ch\/?post_type=product&#038;p=110860"},"modified":"2026-03-31T14:57:19","modified_gmt":"2026-03-31T12:57:19","slug":"vaire-yarns-este","status":"publish","type":"product","link":"https:\/\/sidispinnt.ch\/?product=vaire-yarns-este","title":{"rendered":"Vaire Yarns Este"},"content":{"rendered":"<p>Diese einzigartige Mischung vereint die sanfte W\u00e4rme von Polwarth-Wolle, die St\u00e4rke von Exmoor Blueface und den nat\u00fcrlichen Glanz von Seide f\u00fcr atemberaubende Ergebnisse bei jedem Projekt.<\/p>\n<p><strong>Unglaubliche Weichheit<\/strong> \u2013 Polwarth bietet einen seidigen Griff und kuschelige W\u00e4rme, ideal f\u00fcr empfindliche Haut.<\/p>\n<p><strong>Langlebig und zuverl\u00e4ssig<\/strong> \u2013 Exmoor Blueface verleiht Festigkeit und hilft, die Form zu erhalten, selbst bei h\u00e4ufigem Tragen.<\/p>\n<p><strong>Wundersch\u00f6nes Finish<\/strong> \u2013 Seide verst\u00e4rkt den Glanz des Garns und bringt satte, leuchtende Farben zum Vorschein.<\/p>\n<p><strong>Perfekt f\u00fcr alle Projekte:<\/strong><\/p>\n<ul class=\"wp-block-list\">\n<li><strong>Pullover<\/strong>: Warm, bequem und langlebig.<\/li>\n<li><strong>T\u00fccher und Schals<\/strong>: Weicher Fall und auff\u00e4lliges Finish f\u00fcr zeitlose Accessoires.<\/li>\n<li><strong>Socken<\/strong>: Weich und dennoch robust, wodurch sie bequem und langlebig sind.<\/li>\n<\/ul>\n<p>Ob du Pullover, Schals oder Socken strickst, dieses Garn ist die ideale Wahl f\u00fcr Projekte, die Komfort, Langlebigkeit und Stil vereinen. Probiere es jetzt aus und erschaffe etwas ganz Besonderes!<\/p>\n","protected":false},"excerpt":{"rendered":"<p><strong>Zusammensetzung:<\/strong> 60% Polwarth, 25% Exmoore Blueface, 15% Seide<br \/>\n<strong>Laufl\u00e4nge:<\/strong> 400m \/ 437y<br \/>\n<strong>Gewicht<\/strong>: 100g \/ 3,6 oz<br \/>\n<strong>Nadelst\u00e4rke:<\/strong> 3 \u2013 4 mm<br \/>\n<strong>F\u00e4rbung:<\/strong> Handgef\u00e4rbt mit pflanzlichen Farbstoffen<br \/>\n<strong>Pflegehinweise:<\/strong> Handgef\u00e4rbte Garne k\u00f6nnen bei den ersten paar W\u00e4schen ausbluten. Mit einem Schuss Essig waschen um die Farbe zu halten. Wir empfehlen die Garne vor dem Stricken einmal zu waschen.<\/p>\n<p><strong>Achtung:<\/strong> Die Farbe <em><strong>Coal Fern<\/strong> <\/em>f\u00e4rbt beim stricken durch Reibung auf die Finger ab, dieses wird beim Tragen der Kleidung danach nicht mehr passieren. Zudem k\u00f6nnen die Garne durch die Pflanzenf\u00e4rbung etwas hart erscheinen, dieses legt sich dann durch das Verarbeiten, waschen mit Essig und tragen schnell.<\/p>\n<p>Vaire Yarn Este wird in Grossbritannien gesponnen und in der Schweiz handgef\u00e4rbt.<\/p>\n","protected":false},"featured_media":110853,"comment_status":"open","ping_status":"closed","template":"","meta":[],"product_cat":[188],"product_tag":[1683,1669,2482,1677,3090],"class_list":{"0":"post-110860","1":"product","2":"type-product","3":"status-publish","4":"has-post-thumbnail","6":"product_brand-vaire-yarns","7":"product_cat-garne","8":"product_tag-fingering-weight","9":"product_tag-garne","10":"product_tag-polwarth","11":"product_tag-seide","12":"product_tag-stricken","14":"first","15":"instock","16":"shipping-taxable","17":"purchasable","18":"product-type-variable","19":"has-default-attributes"},"_links":{"self":[{"href":"https:\/\/sidispinnt.ch\/index.php?rest_route=\/wp\/v2\/product\/110860","targetHints":{"allow":["GET"]}}],"collection":[{"href":"https:\/\/sidispinnt.ch\/index.php?rest_route=\/wp\/v2\/product"}],"about":[{"href":"https:\/\/sidispinnt.ch\/index.php?rest_route=\/wp\/v2\/types\/product"}],"replies":[{"embeddable":true,"href":"https:\/\/sidispinnt.ch\/index.php?rest_route=%2Fwp%2Fv2%2Fcomments&post=110860"}],"wp:featuredmedia":[{"embeddable":true,"href":"https:\/\/sidispinnt.ch\/index.php?rest_route=\/wp\/v2\/media\/110853"}],"wp:attachment":[{"href":"https:\/\/sidispinnt.ch\/index.php?rest_route=%2Fwp%2Fv2%2Fmedia&parent=110860"}],"wp:term":[{"taxonomy":"product_cat","embeddable":true,"href":"https:\/\/sidispinnt.ch\/index.php?rest_route=%2Fwp%2Fv2%2Fproduct_cat&post=110860"},{"taxonomy":"product_tag","embeddable":true,"href":"https:\/\/sidispinnt.ch\/index.php?rest_route=%2Fwp%2Fv2%2Fproduct_tag&post=110860"}],"curies":[{"name":"wp","href":"https:\/\/api.w.org\/{rel}","templated":true}]}}