{"id":111198,"date":"2025-07-29T15:38:23","date_gmt":"2025-07-29T13:38:23","guid":{"rendered":"https:\/\/sidispinnt.ch\/?post_type=product&#038;p=111198"},"modified":"2025-10-22T21:44:28","modified_gmt":"2025-10-22T19:44:28","slug":"anleitung-florine-top","status":"publish","type":"product","link":"https:\/\/sidispinnt.ch\/?product=anleitung-florine-top","title":{"rendered":"Florine Top Anleitung"},"content":{"rendered":"<p><strong>Gr\u00f6ssen<\/strong><br \/>\nA (B, C, D, E) F, G, H, I<\/p>\n<p><strong>K\u00f6rperumfang<\/strong><br \/>\n86.5 (93.5, 106.5, 113.5, 126.5) 133.5, 146.5, 153.5, 166.5 cm<br \/>\n34 (36.75, 42, 44.75, 49.75) 52.5, 57.75, 60.5, 65.5\u201c<br \/>\nAlle Gr\u00f6ssen findest du ganz unten bei den Bildern<\/p>\n<p><strong>Garn<\/strong><br \/>\n<a href=\"https:\/\/sidispinnt.ch\/?product=pascuali-cumbria\">Pascuali Cumbria<\/a> (60% Baumwolle, 40% Bambus &#8211; 150 m \/ 164 y per 50g) gezeigt in der Farbe: \u00ab327 Kiwi\u00bb<\/p>\n<p><strong>Str\u00e4nge<\/strong><br \/>\n4 (4, 5, 5, 6) 6, 7, 7, 8<\/p>\n<p><strong>Laufl\u00e4nge<\/strong><br \/>\n557 (600, 686, 729, 814) 857, 943, 986, 1071 m<br \/>\n609 (656, 750, 797, 890) 937, 1031, 1078, 1171 y<\/p>\n<p>Diese Anleitung ist Tech editiert und getestet.<\/p>\n","protected":false},"excerpt":{"rendered":"<p>Das Florine Top wird erst flach und dann rund von oben nach unten gestrickt. Es hat ein durchgehendes Rippenmuster, das am Saum in ein florales Lochmuster \u00fcbergeht. Das Muster beginnt mit dem Anschlagen der hinteren Tr\u00e4ger, gefolgt vom R\u00fccken, der bis zum Ende der Armausschnitte weitergestrickt wird. Nach dem Aufnehmen der Maschen an der Anschlagkante werden beide Vorderteile separat gestrickt und verbunden. Der Ausschnitt vorne ist V-f\u00f6rmig. Am Schluss werden Maschen f\u00fcr \u00c4rmel und Ausschnitt aufgenommen und kraus rechts abgestrickt. Das Top ist so konzipiert, dass es mit einer zus\u00e4tzlichen Weite von ca. 5-10 cm \/ 2-4\u201d um die Brust getragen werden kann. Das abgebildete Muster wurde in Gr\u00f6sse B gestrickt, designed f\u00fcr einen 85 cm \/ 33.5\u201d Brustumfang.<\/p>\n<p>Die Strickanleitung beinhaltet PDFs in Deutsch und Englisch zum direkten Download.<\/p>\n","protected":false},"featured_media":111205,"comment_status":"open","ping_status":"closed","template":"","meta":[],"product_cat":[4167],"product_tag":[5015,4171],"class_list":{"0":"post-111198","1":"product","2":"type-product","3":"status-publish","4":"has-post-thumbnail","6":"product_brand-sidispinnt","7":"product_cat-strickanleitungen","8":"product_tag-cumbria","9":"product_tag-strickanleitungen","11":"first","12":"instock","13":"downloadable","14":"virtual","15":"purchasable","16":"product-type-simple"},"_links":{"self":[{"href":"https:\/\/sidispinnt.ch\/index.php?rest_route=\/wp\/v2\/product\/111198","targetHints":{"allow":["GET"]}}],"collection":[{"href":"https:\/\/sidispinnt.ch\/index.php?rest_route=\/wp\/v2\/product"}],"about":[{"href":"https:\/\/sidispinnt.ch\/index.php?rest_route=\/wp\/v2\/types\/product"}],"replies":[{"embeddable":true,"href":"https:\/\/sidispinnt.ch\/index.php?rest_route=%2Fwp%2Fv2%2Fcomments&post=111198"}],"wp:featuredmedia":[{"embeddable":true,"href":"https:\/\/sidispinnt.ch\/index.php?rest_route=\/wp\/v2\/media\/111205"}],"wp:attachment":[{"href":"https:\/\/sidispinnt.ch\/index.php?rest_route=%2Fwp%2Fv2%2Fmedia&parent=111198"}],"wp:term":[{"taxonomy":"product_cat","embeddable":true,"href":"https:\/\/sidispinnt.ch\/index.php?rest_route=%2Fwp%2Fv2%2Fproduct_cat&post=111198"},{"taxonomy":"product_tag","embeddable":true,"href":"https:\/\/sidispinnt.ch\/index.php?rest_route=%2Fwp%2Fv2%2Fproduct_tag&post=111198"}],"curies":[{"name":"wp","href":"https:\/\/api.w.org\/{rel}","templated":true}]}}