{"id":111551,"date":"2025-10-22T21:34:18","date_gmt":"2025-10-22T19:34:18","guid":{"rendered":"https:\/\/sidispinnt.ch\/?post_type=product&#038;p=111551"},"modified":"2025-10-22T21:43:18","modified_gmt":"2025-10-22T19:43:18","slug":"anleitung-filia-shirt","status":"publish","type":"product","link":"https:\/\/sidispinnt.ch\/?product=anleitung-filia-shirt","title":{"rendered":"Filia Shirt Anleitung"},"content":{"rendered":"<p><strong>Gr\u00f6ssen<\/strong><br \/>\nA (B, C, D, E) F, G, H, I<\/p>\n<p><strong>K\u00f6rperumfang<\/strong><br \/>\n89 (98.5, 107.5, 121.5, 131) 140, 149, 158, 167.5 cm<br \/>\n35 (38.75, 42.25, 47.75, 51.5) 55, 58.75, 62.5, 66\u201c<br \/>\nAlle Gr\u00f6ssen findest du ganz unten bei den Bildern<\/p>\n<p><strong>Garn<\/strong><br \/>\n<a href=\"https:\/\/sidispinnt.ch\/?product=positive-ease-pure-merino\">Positive Ease Pure Merino<\/a> (100% Merino, &#8211; 400 m \/ 437 y per 100g) gezeigt in der Farbe: \u00abIsla\u00bb<br \/>\nOder ein anderes Garn in Sockenwollst\u00e4rke (Fingering Weight)<\/p>\n<p><strong>Str\u00e4nge<\/strong><br \/>\n2 (2, 3, 3, 3) 3, 4, 4, 4<\/p>\n<p><strong>Laufl\u00e4nge<\/strong><br \/>\n725 (800, 875, 988, 1063) 1138, 1213, 1288, 1363 m<br \/>\n793 (875, 957, 1080, 1163) 1245, 1327, 1409, 1491 y<\/p>\n<p>Diese Anleitung ist Tech editiert und getestet.<\/p>\n","protected":false},"excerpt":{"rendered":"<p>Das Filia Shirt wird fast nahtlos von oben nach unten gestrickt. Zuerst wird ein Band aus kleinen Z\u00f6pfen f\u00fcr den Nacken gestrickt, von dem die Maschen f\u00fcr den R\u00fccken und die \u00c4rmel aufgenommen werden. Dann eine Zunahme in jeder Reihe und in jeder 4. Reihe f\u00fcr den Halsausschnitt, um die Maschenzahl f\u00fcr den K\u00f6rper zu erhalten. An den \u00c4rmeln wird ein Farnzopfmuster gestrickt. Wenn die vorderen Zunahmen fertig sind, wird das Teil unter den Armen zusammengef\u00fchrt, um in der Runde zu arbeiten, und die kleinen Z\u00f6pfe wachsen in der Mitte bis zum Saum weiter.<\/p>\n<p>Die \u00c4rmel k\u00f6nnen optional auch lang gearbeitet werden. Die Passform ist mit einer zus\u00e4tzlichen Weite von etwa 15 cm um die Brust herum vorgesehen. Das gezeigte Muster ist Gr\u00f6sse B und wurde f\u00fcr eine Oberweite von 85 cm entworfen.<\/p>\n<p><em>Die Strickanleitung beinhaltet PDFs in Deutsch und Englisch zum direkten Download.<\/em><\/p>\n","protected":false},"featured_media":111556,"comment_status":"open","ping_status":"closed","template":"","meta":[],"product_cat":[4167],"product_tag":[4206,4211,4171,3090],"class_list":{"0":"post-111551","1":"product","2":"type-product","3":"status-publish","4":"has-post-thumbnail","6":"product_brand-sidispinnt","7":"product_cat-strickanleitungen","8":"product_tag-positive-ease","9":"product_tag-shirt","10":"product_tag-strickanleitungen","11":"product_tag-stricken","13":"first","14":"instock","15":"downloadable","16":"virtual","17":"purchasable","18":"product-type-simple"},"_links":{"self":[{"href":"https:\/\/sidispinnt.ch\/index.php?rest_route=\/wp\/v2\/product\/111551","targetHints":{"allow":["GET"]}}],"collection":[{"href":"https:\/\/sidispinnt.ch\/index.php?rest_route=\/wp\/v2\/product"}],"about":[{"href":"https:\/\/sidispinnt.ch\/index.php?rest_route=\/wp\/v2\/types\/product"}],"replies":[{"embeddable":true,"href":"https:\/\/sidispinnt.ch\/index.php?rest_route=%2Fwp%2Fv2%2Fcomments&post=111551"}],"wp:featuredmedia":[{"embeddable":true,"href":"https:\/\/sidispinnt.ch\/index.php?rest_route=\/wp\/v2\/media\/111556"}],"wp:attachment":[{"href":"https:\/\/sidispinnt.ch\/index.php?rest_route=%2Fwp%2Fv2%2Fmedia&parent=111551"}],"wp:term":[{"taxonomy":"product_cat","embeddable":true,"href":"https:\/\/sidispinnt.ch\/index.php?rest_route=%2Fwp%2Fv2%2Fproduct_cat&post=111551"},{"taxonomy":"product_tag","embeddable":true,"href":"https:\/\/sidispinnt.ch\/index.php?rest_route=%2Fwp%2Fv2%2Fproduct_tag&post=111551"}],"curies":[{"name":"wp","href":"https:\/\/api.w.org\/{rel}","templated":true}]}}